0).
14
Let q(a) = 11*a**3 - 19*a**2 + 234*a - 1062. Determine q(4).
274
Let w(j) = -6969*j - 501772. Calculate w(-72).
-4
Let p(z) = -14*z**2 - 1544*z - 1536. Calculate p(-1).
-6
Let q(f) = -8594*f - 489801. Calculate q(-57).
57
Let g(j) = 27*j**2 + 133*j - 316. Calculate g(-8).
348
Let m(n) = 10*n**2 + 693*n - 4196. Determine m(6).
322
Let p(i) = 2*i**3 + 16*i**2 + 62*i + 218. Determine p(-6).
-10
Let g(p) = -p**2 - 199*p - 4080. What is g(-31)?
1128
Let z(h) = 502*h**2 - 16567*h + 22. What is z(33)?
-11
Let d(m) = 3*m**3 - 37*m**2 + 9*m + 101. Determine d(2).
-5
Let p(d) = 256*d - 28144. Determine p(131).
5392
Let p(b) = 12*b**3 + 170*b**2 - 596*b - 8719. Calculate p(-14).
17
Let c(i) = 2*i**2 + 2765*i + 439007. Determine c(-183).
-10
Let x(u) = -3*u**3 - 1682*u**2 + 558*u - 1702. What is x(-561)?
-19
Let s(o) = -29*o**2 - 1464*o - 4292. Determine s(-3).
-161
Let l(i) = -24*i**3 - 10*i**2 - 33*i - 92. Give l(-3).
565
Let d(g) = -26982*g + 188823. Determine d(7).
-51
Let a(r) = r**2 - 28*r + 331. Give a(9).
160
Let b(x) = -117*x**2 + 10*x + 276. Calculate b(-3).
-807
Let k(o) = 5*o**3 + 10*o**2 + 29. Give k(-8).
-1891
Let n(u) = -u**2 + 158*u + 5946. Give n(189).
87
Let c(m) = -m**3 - 104*m**2 - 548*m - 14915. What is c(-100)?
-115
Let i(k) = k**3 - 195*k**2 + 262*k - 13626. Determine i(194).
-434
Let x(s) = -4*s**2 - 1144*s - 19250. What is x(-268)?
46
Let i(r) = -6*r**2 - 746*r + 5228. Determine i(-131).
-12
Let j(d) = 163*d**2 - 16757*d - 3320. Calculate j(103).
-24
Let c(f) = 11939*f + 358175. Give c(-30).
5
Let z(x) = -5*x**3 - 787*x**2 - 1096*x - 632. Determine z(-156).
-8
Let a(h) = -6*h**3 - 148*h**2 - 871*h + 285. Give a(-14).
-65
Let f(w) = -2*w**3 + 140*w**2 + 322*w - 2462. Give f(72).
-14
Let j(z) = -8099*z - 121706. What is j(-15)?
-221
Let f(a) = 2*a**2 + 313*a + 3659. What is f(-144)?
59
Let k(f) = -1898*f**2 + 170823*f - 266. Give k(90).
4
Let y(r) = -48091*r - 1346525. What is y(-28)?
23
Let y(r) = r**3 + 175*r**2 + 1658*r + 2087. What is y(-165)?
767
Let y(g) = -g**2 - 18844*g + 793220. Determine y(42).
8
Let y(d) = 992*d - 12916. Give y(13).
-20
Let v(o) = -1735*o + 7298. What is v(4)?
358
Let h(u) = -3*u**3 - 77*u**2 - 33*u + 117. What is h(-25)?
-308
Let p(t) = t**3 + 133*t**2 + 4043*t - 31. Determine p(-47).
-78
Let d(r) = 7*r**2 + 49*r + 258. Calculate d(-8).
314
Let q(f) = 7*f**2 - 38*f - 5189. Give q(30).
-29
Let m(j) = -j**2 - 45437*j + 2228808. Determine m(49).
-6
Let t(g) = 1766034*g + 21192396. Give t(-12).
-12
Let v(t) = -123344*t - 369930. Calculate v(-3).
102
Let m(b) = 4*b**2 + 22275*b - 491993. What is m(22)?
-7
Let s(d) = -105*d**2 + 3580*d + 83. Give s(34).
423
Let c(s) = 59*s + 1459. Calculate c(38).
3701
Let f(p) = 3*p**3 + 49*p**2 - 66*p - 167. Give f(-17).
377
Let f(b) = -3258*b + 81038. Determine f(25).
-412
Let k(y) = -400*y - 7722. Determine k(-23).
1478
Let u(d) = -44*d**2 - 4663*d + 115. Give u(-106).
9
Let l(q) = q**3 - 43*q**2 + 924*q - 37263. Calculate l(42).
-219
Let v(c) = 23*c**2 - 649*c + 2615. Determine v(4).
387
Let a(s) = -s**3 - 54*s**2 - 759*s - 10. What is a(0)?
-10
Let q(b) = -8*b**2 - 726*b - 5236. What is q(-8)?
60
Let p(o) = o**2 + 510*o - 7457. Calculate p(14).
-121
Let q(m) = m**3 + 4*m**2 + 271*m + 2020. Calculate q(-7).
-24
Let p(u) = u**3 - 12*u**2 - 79*u + 191. Calculate p(15).
-319
Let s(p) = 114*p**3 + 12*p**2 + p + 4. Calculate s(-2).
-862
Let m(w) = -78*w**3 - w**2 + 499*w - 497. Calculate m(1).
-77
Let i(g) = 85*g**3 - 1337*g**2 - 364*g - 69. Give i(16).
-5
Let x(s) = 147*s - 7740. Give x(57).
639
Let l(y) = 20*y**3 - 85*y**2 + 25*y - 39. Calculate l(4).
-19
Let q(v) = 7*v**3 - 30*v**2 - 153*v + 485. Calculate q(6).
-1
Let r(h) = 12883*h + 51291. Calculate r(-4).
-241
Let x(u) = -9651577*u - 115818926. Determine x(-12).
-2
Let g(i) = i**2 - 3636*i + 90057. What is g(25)?
-218
Let u(d) = -8877*d - 26665. Calculate u(-3).
-34
Let m(c) = -439*c**2 + 34161*c + 6322. Give m(78).
4
Let k(d) = -87*d**2 - 51*d + 27. What is k(-3)?
-603
Let r(s) = -s**2 + 2311*s - 197751. Give r(89).
7
Let n(f) = f**2 + 598*f + 37409. Calculate n(-71).
-8
Let k(h) = h**2 - 11625*h - 617. Give k(0).
-617
Let t(p) = 2064*p**2 - 6126*p - 216. Calculate t(3).
-18
Let f(c) = -3861*c - 220270. Determine f(-57).
-193
Let p(z) = 4*z**3 - 338*z**2 - 2563*z - 12. Calculate p(-7).
-5
Let g(y) = 2*y**3 - 210*y**2 + 322*y - 11875. What is g(104)?
-19
Let p(j) = 2*j**2 + 417*j - 11421. Give p(-233).
-4
Let i(a) = -19478*a + 53420. Determine i(3).
-5014
Let a(q) = 4472*q - 277275. What is a(62)?
-11
Let a(y) = -y**3 - 49*y**2 + 107*y + 7448. Give a(-48).
8
Let b(x) = x**2 + 250*x - 17991. Calculate b(-308).
-127
Let q(g) = 8*g**3 - 346*g**2 - 2099*g - 57. What is q(-6)?
-1647
Let c(r) = -430*r - 2673. Give c(-6).
-93
Let q(d) = -3*d**3 + 38*d**2 + 28*d - 134. What is q(11)?
779
Let r(o) = 19457*o + 214033. Give r(-11).
6
Let h(w) = 2*w**2 - 276167*w + 4418156. Determine h(16).
-4
Let k(f) = 7*f**3 + 24*f + 92. Calculate k(-4).
-452
Let g(t) = 9*t**3 - 6*t**2 + 237*t - 1422. Determine g(6).
1728
Let a(u) = 5*u**3 - 40*u**2 + 258*u - 104. Give a(7).
1457
Let n(d) = -2*d**2 - 22667*d + 636246. Calculate n(28).
2
Let w(q) = -13*q**2 - 16*q + 71917. Calculate w(-75).
-8
Let x(d) = 438*d + 2052. Determine x(0).
2052
Let w(n) = n**3 + 53*n**2 - 274*n - 8880. Give w(-55).
140
Let u(g) = -4990*g + 3902135. What is u(782)?
-45
Let c(j) = -698*j - 84359. What is c(-122)?
797
Let l(i) = -i**3 - 254*i**2 - 9432*i - 5622. Give l(-209).
21
Let i(y) = 55*y**2 + 1072*y - 4266. Determine i(4).
902
Let p(s) = -2*s**3 - 46*s**2 + 258*s - 191. What is p(4)?
-23
Let n(q) = 4*q**2 + 357*q + 2491. Give n(-82).
113
Let o(x) = -1153534*x - 39220151. Calculate o(-34).
5
Let c(u) = -2*u**2 - 767*u - 51622. Give c(-85).
-877
Let o(h) = h**3 - 18*h**2 - 12926*h + 207331. Give o(16).
3
Let k(n) = n**3 - 102*n**2 - 1373*n + 663. What is k(114)?
93
Let i(u) = -5452*u + 16325. What is i(3)?
-31
Let m(d) = 2*d**3 - 166*d**2 - 4873*d + 68. Determine m(-23).
-1
Let h(v) = -318*v + 4619. What is h(14)?
167
Let s(x) = 29*x**2 + 13075*x - 14740. Give s(-452).
176
Let a(v) = -358*v**2 - 44407*v - 1876. What is a(-124)?
-16
Let b(x) = 393388*x - 2753722. What is b(7)?
-6
Let g(z) = z**3 + 27*z**2 + 118*z - 874. What is g(-14)?
22
Let b(h) = -h**2 - 1640*h - 68383. Determine b(-42).
-1267
Let d(s) = -10*s**3 - 24*s**2 + 878*s - 1665. Calculate d(2).
-85
Let i(p) = p**2 + 41*p - 18533. Calculate i(-157).
-321
Let p(d) = 582*d**2 + 83809*d + 127. What is p(-144)?
-17
Let o(b) = -26895*b - 26871. Determine o(-1).
24
Let l(p) = 2*p**2 + 488*p + 12866. Give l(-30).
26
Let h(u) = 19*u**2 + 489*u - 2878. Determine h(6).
740
Let c(q) = -1130*q - 106228. Determine c(-94).
-8
Let g(i) = 243*i - 2008. Determine g(13).
1151
Let f(v) = 2*v**3 + 87*v**2 + 826*v + 185. Give f(-13).
-244
Let z(p) = -96*p**2 + 1222*p + 6146. What is z(-5)?
-2364
Let k(f) = -40*f**2 + 649*f - 917. Calculate k(12).
1111
Let u(m) = -49473*m**2 - 593660*m + 5. Calculate u(-12).
-187
Let i(q) = -19389*q - 1085786. Give i(-56).
-2
Let n(y) = -42218*y + 1139886. What is n(27)?
0
Let p(n) = 2003*n + 214330. Calculate p(-107).
9
Let l(v) = 1955*v - 24644. Determine l(13).
771
Let y(f) = 3848*f + 7857. Calculate y(-2).
161
Let z(x) = 26*x**2 + 1720*x - 6967. Give z(-70).
33
Let w(z) = 9*z**3 + 3*z**2 + 4282*z - 25703. Give w(6).
2041
Let i(s) = -s**3 + 63*s**2 - 550*s + 129. What is i(51)?
3291
Let i(q) = 60386*q - 3502378. What is i(58)?
10
Let o(v) = 67267*v + 537915. Give o(-8).
-221
Let u(x) = -x**3 - 63*x**2 - 888*x - 152. Determine u(-21).
-26
Let v(u) = -201*u - 2671. Give v(-12).
-259
Let u(h) = h**3 + 41*h**2 - 34*h + 357. What is u(-42)?
21
Let i(g) = 2575*g - 1895195. Give i(736).
5
Let j(t) = 140*t**2 - 3208*t + 90. Calculate j(22).
-2726
Let x(w) = -40*w**2 - 1285*w - 10141. Calculate x(-14).
9
Let o(h) = -h**3 - 5*h**2 - 70*h - 306. Calculate o(-6).
150
Let r(m) = -82604*m - 12390621. What is r(-150)?
-21
Let n(f) = -148277*f + 741394. Calculate n(5).
9
Let k(w) = 25*w**2 - 10848*w + 65034. What is k(6)?
846
Let k(o) = 40*o**2 - 926*o + 130. Determine k(23).
-8
Let s(c) = -24*c**2 - 14981*c + 30061. Determine s(2).
3
Let b(n) = n**3 + 557*n**2 + 2995*n + 1046168. What is b(-555